 35435 is divided by 45?
20
What is the remainder when 6519 is divided by 189?
93
Calculate the remainder when 102261 is divided by 34060.
81
Calculate the remainder when 155 is divided by 141.
14
Calculate the remainder when 202197 is divided by 67394.
15
Calculate the remainder when 10702 is divided by 551.
233
What is the remainder when 5725 is divided by 155?
145
What is the remainder when 425809 is divided by 248?
241
Calculate the remainder when 30171 is divided by 156.
63
Calculate the remainder when 6512 is divided by 112.
16
What is the remainder when 1565 is divided by 145?
115
Calculate the remainder when 5348 is divided by 1125.
848
Calculate the remainder when 14850 is divided by 774.
144
What is the remainder when 20909 is divided by 173?
149
What is the remainder when 84278 is divided by 45?
38
What is the remainder when 7763 is divided by 12?
11
Calculate the remainder when 38471 is divided by 262.
219
Calculate the remainder when 194495 is divided by 32.
31
What is the remainder when 1134 is divided by 393?
348
What is the remainder when 132333 is divided by 44100?
33
Calculate the remainder when 2863 is divided by 2844.
19
What is the remainder when 7755 is divided by 829?
294
Calculate the remainder when 471924 is divided by 91.
89
Calculate the remainder when 3225 is divided by 411.
348
What is the remainder when 3420 is divided by 158?
102
What is the remainder when 514 is divided by 58?
50
Calculate the remainder when 249984 is divided by 62492.
16
Calculate the remainder when 12652 is divided by 20.
12
What is the remainder when 4855 is divided by 969?
10
What is the remainder when 1029867 is divided by 651?
636
Calculate the remainder when 453372 is divided by 325.
322
What is the remainder when 56988 is divided by 18879?
351
What is the remainder when 806995 is divided by 27?
19
Calculate the remainder when 6116 is divided by 1514.
60
Calculate the remainder when 43541 is divided by 335.
326
What is the remainder when 87847 is divided by 87847?
0
What is the remainder when 86483 is divided by 7206?
11
What is the remainder when 5328 is divided by 27?
9
What is the remainder when 118528 is divided by 41?
38
Calculate the remainder when 3344 is divided by 15.
14
Calculate the remainder when 1261 is divided by 147.
85
Calculate the remainder when 3980 is divided by 662.
8
What is the remainder when 5988 is divided by 39?
21
What is the remainder when 930 is divided by 63?
48
Calculate the remainder when 33843 is divided by 33818.
25
What is the remainder when 56356 is divided by 600?
556
What is the remainder when 17369 is divided by 3443?
154
What is the remainder when 14130398 is divided by 425?
423
What is the remainder when 983066 is divided by 270?
266
What is the remainder when 69307 is divided by 1019?
15
Calculate the remainder when 15645 is divided by 29.
14
Calculate the remainder when 37324 is divided by 220.
144
What is the remainder when 2053 is divided by 5?
3
What is the remainder when 3857399 is divided by 225?
224
What is the remainder when 21763 is divided by 4144?
1043
What is the remainder when 3093 is divided by 3084?
9
What is the remainder when 776122 is divided by 18?
16
What is the remainder when 152949 is divided by 19?
18
What is the remainder when 8529 is divided by 8294?
235
Calculate the remainder when 478 is divided by 365.
113
What is the remainder when 5738382 is divided by 23?
20
Calculate the remainder when 832900 is divided by 98.
96
Calculate the remainder when 2652 is divided by 282.
114
Calculate the remainder when 402928 is divided by 164.
144
What is the remainder when 349405 is divided by 16?
13
Calculate the remainder when 47446 is divided by 584.
142
What is the remainder when 7668 is divided by 13?
11
Calculate the remainder when 68947 is divided by 239.
115
What is the remainder when 228608 is divided by 4864?
0
What is the remainder when 2286 is divided by 37?
29
Calculate the remainder when 12573 is divided by 26.
15
Calculate the remainder when 8320 is divided by 28.
4
Calculate the remainder when 109284 is divided by 76.
72
Calculate the remainder when 7648 is divided by 7606.
42
Calculate the remainder when 3160 is divided by 1049.
13
What is the remainder when 257513 is divided by 771?
770
What is the remainder when 32595 is divided by 114?
105
What is the remainder when 1143 is divided by 364?
51
Calculate the remainder when 29483 is divided by 578.
5
What is the remainder when 3182 is divided by 787?
34
What is the remainder when 9783687 is divided by 14?
11
Calculate the remainder when 11090 is divided by 24.
2
Calculate the remainder when 2829 is divided by 924.
57
Calculate the remainder when 2158881 is divided by 138.
9
What is the remainder when 1182 is divided by 170?
162
Calculate the remainder when 20436 is divided by 145.
136
What is the remainder when 3873 is divided by 80?
33
What is the remainder when 538415 is divided by 655?
5
Calculate the remainder when 45576 is divided by 1813.
251
What is the remainder when 148834 is divided by 237?
235
What is the remainder when 315 is divided by 88?
51
Calculate the remainder when 8138 is divided by 3.
2
What is the remainder when 132330 is divided by 132315?
15
Calculate the remainder when 2890 is divided by 309.
109
What is the remainder when 873 is divided by 569?
304
Calculate the remainder when 101699 is divided by 848.
787
What is the remainder when 3464 is divided by 9?
8
Calculate the remainder when 180 is divided by 61.
58
Calculate the remainder when 5516 is divided by 426.
404
What is the remainder when 1636 is divided by 41?
37
What is the remainder when 431792 is divided by 91?
88
Calculate the remainder when 4787243 is divided by 1386.
1385
Calculate the remainder when 84025 is divided by 944.
9
What is the remainder when 737666 is divided by 15?
11
What is the remainder when 2742 is divided by 2227?
515
What is the remainder when 9777 is divided by 174?
33
Calculate the remainder when 50994 is divided by 60.
54
Calculate the remainder when 1242 is divided by 280.
122
What is the remainder when 133691 is divided by 191?
182
Calculate the remainder when 7370 is divided by 3633.
104
Calculate the remainder when 2753 is divided by 10.
3
What is the remainder when 1116858 is divided by 47?
44
What is the remainder when 7851 is divided by 2670?
2511
What is the remainder when 2412 is divided by 72?
36
What is the remainder when 2765 is divided by 30?
5
Calculate the remainder when 15004 is divided by 3710.
164
Calculate the remainder when 29422 is divided by 191.
8
What is the remainder when 64312 is divided by 96?
88
Calculate the remainder when 70014 is divided by 2000.
14
What is the remainder when 13064 is divided by 4339?
47
Calculate the remainder when 298 is divided by 62.
50
Calculate the remainder when 1061 is divided by 500.
61
Calculate the remainder when 8103 is divided by 623.
4
What is the remainder when 164527 is divided by 113?
112
What is the remainder when 4139 is divided by 2055?
29
Calculate the remainder when 97630 is divided by 107.
46
Calculate the remainder when 8580 is divided by 4286.
8
Calculate the remainder when 530147 is divided by 12.
11
Calculate the remainder when 44702 is divided by 63.
35
Calculate the remainder when 9497 is divided by 213.
125
Calculate the remainder when 25661 is divided by 37.
20
Calculate the remainder when 890 is divided by 152.
130
What is the remainder when 55072 is divided by 136?
128
Calculate the remainder when 9060 is divided by 53.
50
Calculate the remainder when 567020 is divided by 10904.
12
What is the remainder when 105088 is divided by 27?
4
What is the remainder when 299775 is divided by 42820?
35
Calculate the remainder when 45175 is divided by 9033.
10
What is the remainder when 1961 is divided by 330?
311
What is the remainder when 17483 is divided by 1891?
464
What is the remainder when 15916 is divided by 7943?
30
Calculate the remainder when 240619 is divided by 108.
103
Calculate the remainder when 6732 is divided by 5815.
917
Calculate the remainder when 53544 is divided by 283.
57
Calculate the remainder when 133059 is divided by 331.
328
Calculate the remainder when 7527 is divided by 106.
1
What is the remainder when 7114 